*2 - 2*f - 4. Give n(-2).
-12
Let f(h) = 28*h - 672. Determine f(23).
-28
Let z(l) = 9*l - 3. What is z(2)?
15
Let a(c) = 9*c + 9. Give a(-3).
-18
Let x(n) = n**3 - 3*n**2 - 9*n + 11. Determine x(5).
16
Let n(d) = 2*d**2 - 3*d - 10. What is n(4)?
10
Let n(v) = -v**2 - 6*v - 1. What is n(-5)?
4
Let y(i) = -i**2 + 11*i + 34. Determine y(9).
52
Let k(t) = 6*t**2 - 85*t + 20. What is k(14)?
6
Let j(r) = -2*r**2 - 25*r + 11. Calculate j(-13).
-2
Let u(j) = -2*j**3 + 5*j**2 + j. Give u(4).
-44
Let c(z) = -2*z**3 - 3*z**2 + 6*z. Calculate c(3).
-63
Let f(c) = c**3 + 21*c**2 + 20*c - 42. Determine f(-20).
-42
Let p(l) = -l**3 - 20*l**2 - 4*l - 79. What is p(-20)?
1
Let p(r) = 20*r + 99. Give p(-6).
-21
Let h(u) = u**2 + 5*u + 12. Calculate h(-9).
48
Let z(p) = 5*p**3 - p**2 - 4*p - 2. Give z(-1).
-4
Let k(p) = 2*p**2 + 1. Determine k(-5).
51
Let t(x) = -13*x**2 - 4*x + 5. What is t(1)?
-12
Let u(c) = c**2 - 11*c - 15. What is u(8)?
-39
Let b(j) = j**3 + 7*j**2 + 2*j + 35. What is b(-8)?
-45
Let k(l) = -l**3 + 8*l**2 + 20*l - 16. Give k(10).
-16
Let f(r) = r + 9. Determine f(-9).
0
Let n(y) = y**3 - 9*y**2 - y - 12. Calculate n(9).
-21
Let d(n) = 9*n + 6. Calculate d(-5).
-39
Let g(k) = 2*k**2 + 2*k - 10. Calculate g(-7).
74
Let h(u) = -13*u - 17. Calculate h(-5).
48
Let y(n) = 15*n - 3. Determine y(1).
12
Let c(t) = 3*t**2 - 13*t + 6. Calculate c(8).
94
Let i(n) = 58*n - 467. Give i(8).
-3
Let d(b) = b**2 + 24*b + 73. Calculate d(-20).
-7
Let l(m) = m**3 - 13*m**2 - m + 4. What is l(13)?
-9
Let n(l) = -3*l - 4. Give n(-2).
2
Let h(r) = -135*r**2 + 2*r - 3. Determine h(1).
-136
Let x(z) = -2*z**3 - z - 1. Give x(-2).
17
Let s(q) = -q**2 + 8*q - 9. What is s(8)?
-9
Let z(u) = 12*u + 59. What is z(-5)?
-1
Let n(o) = o**2 - 19*o + 13. Calculate n(19).
13
Let t(d) = d**3 - 2*d**2 - d + 3. Calculate t(2).
1
Let k(u) = u + 8. What is k(4)?
12
Let d(c) = -24*c - 961. Give d(-40).
-1
Let k(q) = -q**3 + 12*q**2 + 14*q - 14. Give k(13).
-1
Let q(x) = x**3 - 4*x**2 + 2*x - 4. Determine q(5).
31
Let p(c) = -c**2 + 14*c - 6. Calculate p(13).
7
Let i(r) = -4*r**2 + 2*r - 4. Give i(2).
-16
Let a(f) = 2*f**3 - 7*f**2 + 3*f - 7. Determine a(5).
83
Let l(z) = z**3 + 2*z**2 - 11*z + 12. Give l(-4).
24
Let m(g) = g**3 + 16*g**2 + 17*g - 24. Determine m(-15).
-54
Let w(t) = -11*t**3 + 3*t**2 - t - 3. Give w(-1).
12
Let v(x) = 11*x**3 + 8*x**2 - 6*x - 3. Calculate v(1).
10
Let i(o) = o**3 - 9*o**2 - o - 2. Give i(9).
-11
Let g(k) = k**3 - 3*k**2 - 6*k + 6. What is g(4)?
-2
Let i(y) = -y + 8. What is i(11)?
-3
Let a(z) = -z**2 + z + 12. Determine a(0).
12
Let a(x) = x**2 - 14*x + 15. What is a(11)?
-18
Let p(d) = -d**3 + 5*d**2 + 8*d - 4. Calculate p(6).
8
Let n(c) = -85*c + 1. Calculate n(2).
-169
Let q(p) = 10*p - 54. Calculate q(6).
6
Let y(z) = z**2 - 3*z + 10. Determine y(8).
50
Let i(n) = -n + 1. What is i(3)?
-2
Let b(r) = 24*r + 1. Determine b(-2).
-47
Let r(g) = g**2 + 3*g - 1. What is r(-5)?
9
Let g(c) = c**3 + 14*c**2 - 16*c - 6. What is g(-15)?
9
Let a(n) = n**3 + 16*n**2 + 2*n + 10. What is a(-16)?
-22
Let t(n) = 2*n + 18. Determine t(-5).
8
Let v(m) = 2*m**2 + 39*m + 56. Determine v(-19).
37
Let v(c) = 4*c**2 - 18*c + 12. Determine v(5).
22
Let g(h) = h**2 - 21*h + 34. Determine g(19).
-4
Let u(y) = -y - 9. Give u(-5).
-4
Let y(n) = -n**2 + 16*n - 24. Determine y(15).
-9
Let n(b) = 4*b**2 + 3*b - 4. Give n(-3).
23
Let w(l) = 5*l**3 - l + 2. Calculate w(-2).
-36
Let r(j) = -20*j - 112. What is r(-5)?
-12
Let x(w) = 2*w**2 + 10*w - 88. Give x(-10).
12
Let a(v) = -v**2 - 18*v - 10. Give a(-17).
7
Let l(t) = -5*t**2 - t - 1. Determine l(0).
-1
Let c(d) = d**2 - 15*d + 8. Calculate c(14).
-6
Let n(k) = k**3 - 4*k**2 + 12*k + 2. What is n(5)?
87
Let d(s) = s**2 + 19*s + 1. Give d(-23).
93
Let g(b) = 2*b**3 - 3*b**2 + 3*b - 1. Determine g(2).
9
Let u(n) = 27*n - 40. Determine u(2).
14
Let s(q) = 19*q. What is s(-1)?
-19
Let b(n) = -n**2 - 7*n + 11. What is b(-6)?
17
Let z(b) = -18*b**2 + 5*b - 3. Determine z(3).
-150
Let q(m) = -m**2 - 10*m - 12. Calculate q(-9).
-3
Let g(v) = -9*v + 7. Give g(-7).
70
Let t(r) = -2*r**3 + 45*r**2 + 24*r + 5. Calculate t(23).
28
Let b(x) = 2*x - 6. Give b(15).
24
Let h(j) = -j**2 + 17*j + 112. Give h(-5).
2
Let l(w) = -8*w + 21. Determine l(3).
-3
Let x(d) = -d**2 - 6*d + 8. Determine x(-8).
-8
Let u(f) = 19*f - 17. Give u(4).
59
Let r(z) = z**3 - 14*z**2 - 14. Determine r(14).
-14
Let q(o) = o**2 + 3*o + 6. Give q(-5).
16
Let u(z) = -z**2 + 10*z - 4. Determine u(12).
-28
Let s(v) = -17*v + 63. Give s(4).
-5
Let t(v) = -v**3 + 3*v**2 - v - 8. Determine t(3).
-11
Let n(r) = r**3 + 63*r**2 + 123*r + 70. Calculate n(-61).
9
Let k(l) = -14*l**2 - 6*l - 18. What is k(-4)?
-218
Let b(q) = -q**3 + 5*q**2 - 7*q + 10. What is b(7)?
-137
Let t(b) = 5*b - 1. Determine t(-3).
-16
Let b(g) = -4*g**2 + 3*g - 31. Calculate b(4).
-83
Let r(m) = -4*m**2 + 4. Calculate r(2).
-12
Let r(z) = -z**3 + 4*z**2 - 4. Give r(3).
5
Let g(n) = -n**3 - 3*n - 2. Give g(0).
-2
Let n(f) = f**2 - 4*f - 2. Give n(4).
-2
Let v(u) = -u**3 - 20*u**2 + 22*u + 20. Calculate v(-21).
-1
Let y(c) = 5*c - 19. What is y(9)?
26
Let k(l) = -l**3 - 9*l**2 - 8*l + 9. Determine k(-8).
9
Let r(x) = -x**3 + 3*x**2 + 3*x - 9. What is r(4)?
-13
Let i(h) = h**3 + 16*h**2 + 16*h - 2. Give i(-15).
-17
Let d(a) = -a + 11. Calculate d(21).
-10
Let w(v) = -3*v**3 - 13*v**2 - 3*v + 4. Determine w(-4).
0
Let n(a) = -4*a - 11. Give n(3).
-23
Let m(k) = 6*k - 107. Give m(0).
-107
Let l(x) = -x**2 - 12*x + 14. Determine l(-13).
1
Let j(v) = -3*v + 7. Give j(6).
-11
Let s(z) = z**3 + 12*z**2 + 34*z + 69. What is s(-9)?
6
Let x(c) = -c**3 + 6*c**2 + 7*c + 7. Calculate x(7).
7
Let m(d) = -d**3 + 11*d**2 - 21*d + 24. Calculate m(9).
-3
Let t(j) = -4*j + 7. What is t(6)?
-17
Let w(y) = y**2 - 6*y + 7. Calculate w(0).
7
Let b(k) = k**2 + 11*k + 5. What is b(-11)?
5
Let m(j) = -j**2 - 8*j - 9. Calculate m(-8).
-9
Let b(w) = w**3 - w + 51. Give b(0).
51
Let t(x) = 2*x + 33. Calculate t(-15).
3
Let o(q) = q**3 - 6*q**2 + 5*q - 1. What is o(5)?
-1
Let n(z) = 3*z**2 + 10*z. Give n(-4).
8
Let s(i) = i**3 - 6*i**2 - 14*i + 36. Give s(7).
-13
Let v(x) = x**3 - 18*x**2 - 37*x - 56. Give v(20).
4
Let q(l) = -l**3 + 8*l**2 - 7*l + 9. Determine q(5).
49
Let f(x) = -x**3 - 11*x**2 + 11*x + 12. Determine f(-12).
24
Let s(x) = 2*x**2 + 44*x - 38. Give s(-23).
8
Let s(u) = u**3 + 17*u**2 - 2*u - 35. What is s(-17)?
-1
Let n(s) = -2*s**2 + 8*s - 14. Calculate n(3).
-8
Let m(i) = 2*i**3 + 22*i**2 - i - 3. What is m(-11)?
8
Let h(g) = -3*g - 108. What is h(-32)?
-12
Let q(l) = -l**2 - 6*l + 1. Determine q(-5).
6
Let k(h) = 4*h + 7. Give k(-4).
-9
Let f(h) = 2*h**2 - 17*h - 3. Calculate f(8).
-11
Let i(x) = -x**3 - 22*x**2 - 3*x - 49. Determine i(-22).
17
Let h(r) = -r**3 - 5*r**2 + 25*r + 3. Give h(-8).
-5
Let c(r) = r**3 - 15*r**2 - 16*r + 23. What is c(16)?
23
Let f(n) = -n**2 - 7*n + 4. Calculate f(-7).
4
Let s(a) = a**2 + 15*a + 12. What is s(-14)?
-2
Let n(i) = -i**3 - 9*i**2 - 11*i - 30. Calculate n(-6).
-72
Let v(q) = 2*q**2 + 44*q. Give v(-22).
0
Let c(l) = -3*l**2 - 22*l - 21. Determine c(-6).
3
Let x(a) = -a**2 + 4. Calculate x(-4).
-12
Let k(m) = m**3 - 38*m**2 - 41*m + 78. What is k(39)?
0
Let k(j) = 8*j - 4. Calculate k(-10).
-84
Let c(r) = -2*r + 80. Calculate c(40).
0
Let v(a) = -24*a + 1. What is v(1)?
-23
Let h(t) = -t**3 - 15*t**2 - 28*t - 38. What is h(-13)?
-12
Let l(y) = 2*y**3 - 11*y**2 - 2*y - 11. Calculate l(6).
13
Let n(k) = 2*k + 5. What is n(8)?
21
Let f(r) = -r**3 + 8*r**2 + 6*r + 2. Give f(9).
-25
Let b(f) = f**3 + 5*f**2 + 2*f + 3. What is b(-5)?
-7
Let b(p) = p**2 + 4*p - 51. Give b(5).
-6
Let o(c) = -c**2 + 6*c - 7. Calculate o(7).
-14
Let i(z) = -8*z - 2. Calculate i(-4).
30
Let j(u) = 25*u - 1. Determine j(-2).
-51
Let r(p) = 2*p**3 + 10*p**2 + 13*p - 10. Give r(-6).
-160
Let d(y) = y**3 + 8*y**2 + 11*y - 3. Calculate d(-6).
3
Let a(h) = 2*h**2 + 10*h + 54. What is a(-4)?
46
Let n(b) = b**3 - 7*b**2 + 3*b + 10. What is n(4)?
-26
Let s(z) = 11*z**2 - z - 2. Calculate s(2).
40
Let a(q) = -q**3 + 3*q**2 + 8*q - 13. What is a(4)?
3
Let g(p) = -18*p - 58. Determine g(-6).
50
Let x(f) = -f**3 + 8*f**2 + 21*f + 29. Give x(10).
39
Let d(p) = -2*p**2 - 11*p + 1. Determine d(-6).
-5
Let q(n) = -